{"id":26,"date":"2019-07-02T13:36:44","date_gmt":"2019-07-02T13:36:44","guid":{"rendered":"http:\/\/dublagembrasileira.com.br\/?page_id=26"},"modified":"2019-08-20T15:07:13","modified_gmt":"2019-08-20T15:07:13","slug":"contato","status":"publish","type":"page","link":"https:\/\/dublagembrasileira.com.br\/?page_id=26","title":{"rendered":"Contato"},"content":{"rendered":"<p style=\"text-align: center;\">[wpforms id=&#8221;460&#8243; title=&#8221;false&#8221; description=&#8221;false&#8221;]\n<p style=\"text-align: center;\"><strong>D\u00favidas:<\/strong><br \/>\n<a href=\"mailto:contato@dublagembrasileira.com.br\">contato@dublagembrasileira.com.br<\/a><\/p>\n<p style=\"text-align: center;\"><strong>Para anunciar:<\/strong><br \/>\n<a href=\"mailto:comercial@dublagembrasileira.com.br\"><span class=\"ng-binding\">comercial<\/span>@dublagembrasileira.com.br<\/a><\/p>\n<p style=\"text-align: center;\"><strong>Corre\u00e7\u00f5es:<\/strong><br \/>\n<a href=\"mailto:redacao@dublagembrasileira.com.br\">redacao@dublagembrasileira.com.br<\/a><\/p>\n<p style=\"text-align: center;\"><strong>Sugest\u00f5es:<\/strong><br \/>\n<a href=\"mailto:conteudo@dublagembrasileira.com.br\">conteudo@dublagembrasileira.com.br<\/a><\/p>\n<p>&nbsp;<\/p>\n<p style=\"text-align: center;\"><strong>Colunistas:<\/strong><\/p>\n<p style=\"text-align: center;\"><strong>20 Loops Por Hora:<\/strong><br \/>\n<a href=\"mailto:20loopsporhora@dublagembrasileira.com.br\">20loopsporhora@dublagembrasileira.com.br<\/a><\/p>\n<p style=\"text-align: center;\"><strong>Rel\u00edquias da Dublagem:<\/strong><br \/>\n<a href=\"mailto:reliquiasdadublagem@dublagembrasileira.com.br\">reliquiasdadublagem@dublagembrasileira.com.br<\/a><\/p>\n<p style=\"text-align: center;\"><strong>Marco Ant\u00f4nio:<\/strong><br \/>\n<a href=\"mailto:marcoantonio@dublagembrasileira.com.br\">marcoantonio@dublagembrasileira.com.br<\/a><\/p>\n<p>&nbsp;<\/p>\n","protected":false},"excerpt":{"rendered":"<p>[wpforms id=&#8221;460&#8243; title=&#8221;false&#8221; description=&#8221;false&#8221;] D\u00favidas: contato@dublagembrasileira.com.br Para anunciar: comercial@dublagembrasileira.com.br Corre\u00e7\u00f5es: redacao@dublagembrasileira.com.br Sugest\u00f5es: conteudo@dublagembrasileira.com.br &nbsp; Colunistas: 20 Loops Por Hora: 20loopsporhora@dublagembrasileira.com.br Rel\u00edquias da Dublagem: reliquiasdadublagem@dublagembrasileira.com.br Marco Ant\u00f4nio: marcoantonio@dublagembrasileira.com.br &nbsp;<\/p>\n","protected":false},"author":1,"featured_media":2202,"parent":0,"menu_order":0,"comment_status":"closed","ping_status":"closed","template":"","meta":{"_monsterinsights_skip_tracking":false,"_monsterinsights_sitenote_active":false,"_monsterinsights_sitenote_note":"","_monsterinsights_sitenote_category":0,"footnotes":""},"class_list":["post-26","page","type-page","status-publish","has-post-thumbnail","hentry"],"yoast_head":"<!-- This site is optimized with the Yoast SEO plugin v26.1.1 - https:\/\/yoast.com\/wordpress\/plugins\/seo\/ -->\n<title>Contato | DB - Dublagem Brasileira<\/title>\n<meta name=\"description\" content=\"O DB ouvindo voc\u00ea.\" \/>\n<meta name=\"robots\" content=\"index, follow, max-snippet:-1, max-image-preview:large, max-video-preview:-1\" \/>\n<link rel=\"canonical\" href=\"https:\/\/dublagembrasileira.com.br\/?page_id=26\" \/>\n<meta property=\"og:locale\" content=\"pt_BR\" \/>\n<meta property=\"og:type\" content=\"article\" \/>\n<meta property=\"og:title\" content=\"Contato | DB - Dublagem Brasileira\" \/>\n<meta property=\"og:description\" content=\"O DB ouvindo voc\u00ea.\" \/>\n<meta property=\"og:url\" content=\"https:\/\/dublagembrasileira.com.br\/?page_id=26\" \/>\n<meta property=\"og:site_name\" content=\"DB - Dublagem Brasileira\" \/>\n<meta property=\"article:modified_time\" content=\"2019-08-20T15:07:13+00:00\" \/>\n<meta property=\"og:image\" content=\"https:\/\/dublagembrasileira.com.br\/wp-content\/uploads\/2019\/08\/pg_contato.jpg\" \/>\n\t<meta property=\"og:image:width\" content=\"817\" \/>\n\t<meta property=\"og:image:height\" content=\"293\" \/>\n\t<meta property=\"og:image:type\" content=\"image\/jpeg\" \/>\n<meta name=\"twitter:card\" content=\"summary_large_image\" \/>\n<script type=\"application\/ld+json\" class=\"yoast-schema-graph\">{\"@context\":\"https:\/\/schema.org\",\"@graph\":[{\"@type\":\"WebPage\",\"@id\":\"https:\/\/dublagembrasileira.com.br\/?page_id=26\",\"url\":\"https:\/\/dublagembrasileira.com.br\/?page_id=26\",\"name\":\"Contato | DB - Dublagem Brasileira\",\"isPartOf\":{\"@id\":\"https:\/\/dublagembrasileira.com.br\/#website\"},\"primaryImageOfPage\":{\"@id\":\"https:\/\/dublagembrasileira.com.br\/?page_id=26#primaryimage\"},\"image\":{\"@id\":\"https:\/\/dublagembrasileira.com.br\/?page_id=26#primaryimage\"},\"thumbnailUrl\":\"https:\/\/dublagembrasileira.com.br\/wp-content\/uploads\/2019\/08\/pg_contato.jpg\",\"datePublished\":\"2019-07-02T13:36:44+00:00\",\"dateModified\":\"2019-08-20T15:07:13+00:00\",\"description\":\"O DB ouvindo voc\u00ea.\",\"breadcrumb\":{\"@id\":\"https:\/\/dublagembrasileira.com.br\/?page_id=26#breadcrumb\"},\"inLanguage\":\"pt-BR\",\"potentialAction\":[{\"@type\":\"ReadAction\",\"target\":[\"https:\/\/dublagembrasileira.com.br\/?page_id=26\"]}]},{\"@type\":\"ImageObject\",\"inLanguage\":\"pt-BR\",\"@id\":\"https:\/\/dublagembrasileira.com.br\/?page_id=26#primaryimage\",\"url\":\"https:\/\/dublagembrasileira.com.br\/wp-content\/uploads\/2019\/08\/pg_contato.jpg\",\"contentUrl\":\"https:\/\/dublagembrasileira.com.br\/wp-content\/uploads\/2019\/08\/pg_contato.jpg\",\"width\":817,\"height\":293},{\"@type\":\"BreadcrumbList\",\"@id\":\"https:\/\/dublagembrasileira.com.br\/?page_id=26#breadcrumb\",\"itemListElement\":[{\"@type\":\"ListItem\",\"position\":1,\"name\":\"In\u00edcio\",\"item\":\"https:\/\/dublagembrasileira.com.br\/\"},{\"@type\":\"ListItem\",\"position\":2,\"name\":\"Contato\"}]},{\"@type\":\"WebSite\",\"@id\":\"https:\/\/dublagembrasileira.com.br\/#website\",\"url\":\"https:\/\/dublagembrasileira.com.br\/\",\"name\":\"DB - Dublagem Brasileira\",\"description\":\"O seu portal de dublagem.\",\"publisher\":{\"@id\":\"https:\/\/dublagembrasileira.com.br\/#organization\"},\"potentialAction\":[{\"@type\":\"SearchAction\",\"target\":{\"@type\":\"EntryPoint\",\"urlTemplate\":\"https:\/\/dublagembrasileira.com.br\/?s={search_term_string}\"},\"query-input\":{\"@type\":\"PropertyValueSpecification\",\"valueRequired\":true,\"valueName\":\"search_term_string\"}}],\"inLanguage\":\"pt-BR\"},{\"@type\":\"Organization\",\"@id\":\"https:\/\/dublagembrasileira.com.br\/#organization\",\"name\":\"DB - Dublagem Brasileira\",\"url\":\"https:\/\/dublagembrasileira.com.br\/\",\"logo\":{\"@type\":\"ImageObject\",\"inLanguage\":\"pt-BR\",\"@id\":\"https:\/\/dublagembrasileira.com.br\/#\/schema\/logo\/image\/\",\"url\":\"https:\/\/dublagembrasileira.com.br\/wp-content\/uploads\/2019\/07\/cropped-logotipodb.png\",\"contentUrl\":\"https:\/\/dublagembrasileira.com.br\/wp-content\/uploads\/2019\/07\/cropped-logotipodb.png\",\"width\":946,\"height\":589,\"caption\":\"DB - Dublagem Brasileira\"},\"image\":{\"@id\":\"https:\/\/dublagembrasileira.com.br\/#\/schema\/logo\/image\/\"}}]}<\/script>\n<!-- \/ Yoast SEO plugin. -->","yoast_head_json":{"title":"Contato | DB - Dublagem Brasileira","description":"O DB ouvindo voc\u00ea.","robots":{"index":"index","follow":"follow","max-snippet":"max-snippet:-1","max-image-preview":"max-image-preview:large","max-video-preview":"max-video-preview:-1"},"canonical":"https:\/\/dublagembrasileira.com.br\/?page_id=26","og_locale":"pt_BR","og_type":"article","og_title":"Contato | DB - Dublagem Brasileira","og_description":"O DB ouvindo voc\u00ea.","og_url":"https:\/\/dublagembrasileira.com.br\/?page_id=26","og_site_name":"DB - Dublagem Brasileira","article_modified_time":"2019-08-20T15:07:13+00:00","og_image":[{"width":817,"height":293,"url":"https:\/\/dublagembrasileira.com.br\/wp-content\/uploads\/2019\/08\/pg_contato.jpg","type":"image\/jpeg"}],"twitter_card":"summary_large_image","schema":{"@context":"https:\/\/schema.org","@graph":[{"@type":"WebPage","@id":"https:\/\/dublagembrasileira.com.br\/?page_id=26","url":"https:\/\/dublagembrasileira.com.br\/?page_id=26","name":"Contato | DB - Dublagem Brasileira","isPartOf":{"@id":"https:\/\/dublagembrasileira.com.br\/#website"},"primaryImageOfPage":{"@id":"https:\/\/dublagembrasileira.com.br\/?page_id=26#primaryimage"},"image":{"@id":"https:\/\/dublagembrasileira.com.br\/?page_id=26#primaryimage"},"thumbnailUrl":"https:\/\/dublagembrasileira.com.br\/wp-content\/uploads\/2019\/08\/pg_contato.jpg","datePublished":"2019-07-02T13:36:44+00:00","dateModified":"2019-08-20T15:07:13+00:00","description":"O DB ouvindo voc\u00ea.","breadcrumb":{"@id":"https:\/\/dublagembrasileira.com.br\/?page_id=26#breadcrumb"},"inLanguage":"pt-BR","potentialAction":[{"@type":"ReadAction","target":["https:\/\/dublagembrasileira.com.br\/?page_id=26"]}]},{"@type":"ImageObject","inLanguage":"pt-BR","@id":"https:\/\/dublagembrasileira.com.br\/?page_id=26#primaryimage","url":"https:\/\/dublagembrasileira.com.br\/wp-content\/uploads\/2019\/08\/pg_contato.jpg","contentUrl":"https:\/\/dublagembrasileira.com.br\/wp-content\/uploads\/2019\/08\/pg_contato.jpg","width":817,"height":293},{"@type":"BreadcrumbList","@id":"https:\/\/dublagembrasileira.com.br\/?page_id=26#breadcrumb","itemListElement":[{"@type":"ListItem","position":1,"name":"In\u00edcio","item":"https:\/\/dublagembrasileira.com.br\/"},{"@type":"ListItem","position":2,"name":"Contato"}]},{"@type":"WebSite","@id":"https:\/\/dublagembrasileira.com.br\/#website","url":"https:\/\/dublagembrasileira.com.br\/","name":"DB - Dublagem Brasileira","description":"O seu portal de dublagem.","publisher":{"@id":"https:\/\/dublagembrasileira.com.br\/#organization"},"potentialAction":[{"@type":"SearchAction","target":{"@type":"EntryPoint","urlTemplate":"https:\/\/dublagembrasileira.com.br\/?s={search_term_string}"},"query-input":{"@type":"PropertyValueSpecification","valueRequired":true,"valueName":"search_term_string"}}],"inLanguage":"pt-BR"},{"@type":"Organization","@id":"https:\/\/dublagembrasileira.com.br\/#organization","name":"DB - Dublagem Brasileira","url":"https:\/\/dublagembrasileira.com.br\/","logo":{"@type":"ImageObject","inLanguage":"pt-BR","@id":"https:\/\/dublagembrasileira.com.br\/#\/schema\/logo\/image\/","url":"https:\/\/dublagembrasileira.com.br\/wp-content\/uploads\/2019\/07\/cropped-logotipodb.png","contentUrl":"https:\/\/dublagembrasileira.com.br\/wp-content\/uploads\/2019\/07\/cropped-logotipodb.png","width":946,"height":589,"caption":"DB - Dublagem Brasileira"},"image":{"@id":"https:\/\/dublagembrasileira.com.br\/#\/schema\/logo\/image\/"}}]}},"rttpg_featured_image_url":{"full":["https:\/\/dublagembrasileira.com.br\/wp-content\/uploads\/2019\/08\/pg_contato.jpg",817,293,false],"landscape":["https:\/\/dublagembrasileira.com.br\/wp-content\/uploads\/2019\/08\/pg_contato.jpg",817,293,false],"portraits":["https:\/\/dublagembrasileira.com.br\/wp-content\/uploads\/2019\/08\/pg_contato.jpg",817,293,false],"thumbnail":["https:\/\/dublagembrasileira.com.br\/wp-content\/uploads\/2019\/08\/pg_contato-150x150.jpg",150,150,true],"medium":["https:\/\/dublagembrasileira.com.br\/wp-content\/uploads\/2019\/08\/pg_contato-300x108.jpg",300,108,true],"large":["https:\/\/dublagembrasileira.com.br\/wp-content\/uploads\/2019\/08\/pg_contato.jpg",640,230,false],"1536x1536":["https:\/\/dublagembrasileira.com.br\/wp-content\/uploads\/2019\/08\/pg_contato.jpg",817,293,false],"2048x2048":["https:\/\/dublagembrasileira.com.br\/wp-content\/uploads\/2019\/08\/pg_contato.jpg",817,293,false],"eggnews-slider-large":["https:\/\/dublagembrasileira.com.br\/wp-content\/uploads\/2019\/08\/pg_contato.jpg",817,293,false],"eggnews-featured-medium":["https:\/\/dublagembrasileira.com.br\/wp-content\/uploads\/2019\/08\/pg_contato-420x293.jpg",420,293,true],"eggnews-featured-long":["https:\/\/dublagembrasileira.com.br\/wp-content\/uploads\/2019\/08\/pg_contato-300x293.jpg",300,293,true],"eggnews-block-medium":["https:\/\/dublagembrasileira.com.br\/wp-content\/uploads\/2019\/08\/pg_contato-464x290.jpg",464,290,true],"eggnews-carousel-image":["https:\/\/dublagembrasileira.com.br\/wp-content\/uploads\/2019\/08\/pg_contato-600x293.jpg",600,293,true],"eggnews-block-thumb":["https:\/\/dublagembrasileira.com.br\/wp-content\/uploads\/2019\/08\/pg_contato-322x230.jpg",322,230,true],"eggnews-single-large":["https:\/\/dublagembrasileira.com.br\/wp-content\/uploads\/2019\/08\/pg_contato.jpg",817,293,false],"crp_thumbnail":["https:\/\/dublagembrasileira.com.br\/wp-content\/uploads\/2019\/08\/pg_contato-150x150.jpg",150,150,true]},"rttpg_author":{"display_name":"Iza\u00edas Correia","author_link":"https:\/\/dublagembrasileira.com.br\/?author=1"},"rttpg_comment":0,"rttpg_category":null,"rttpg_excerpt":"[wpforms id=&#8221;460&#8243; title=&#8221;false&#8221; description=&#8221;false&#8221;] D\u00favidas: contato@dublagembrasileira.com.br Para anunciar: comercial@dublagembrasileira.com.br Corre\u00e7\u00f5es: redacao@dublagembrasileira.com.br Sugest\u00f5es: conteudo@dublagembrasileira.com.br &nbsp; Colunistas: 20 Loops Por Hora: 20loopsporhora@dublagembrasileira.com.br Rel\u00edquias da Dublagem: reliquiasdadublagem@dublagembrasileira.com.br Marco Ant\u00f4nio: marcoantonio@dublagembrasileira.com.br &nbsp;","_links":{"self":[{"href":"https:\/\/dublagembrasileira.com.br\/index.php?rest_route=\/wp\/v2\/pages\/26","targetHints":{"allow":["GET"]}}],"collection":[{"href":"https:\/\/dublagembrasileira.com.br\/index.php?rest_route=\/wp\/v2\/pages"}],"about":[{"href":"https:\/\/dublagembrasileira.com.br\/index.php?rest_route=\/wp\/v2\/types\/page"}],"author":[{"embeddable":true,"href":"https:\/\/dublagembrasileira.com.br\/index.php?rest_route=\/wp\/v2\/users\/1"}],"replies":[{"embeddable":true,"href":"https:\/\/dublagembrasileira.com.br\/index.php?rest_route=%2Fwp%2Fv2%2Fcomments&post=26"}],"version-history":[{"count":7,"href":"https:\/\/dublagembrasileira.com.br\/index.php?rest_route=\/wp\/v2\/pages\/26\/revisions"}],"predecessor-version":[{"id":2225,"href":"https:\/\/dublagembrasileira.com.br\/index.php?rest_route=\/wp\/v2\/pages\/26\/revisions\/2225"}],"wp:featuredmedia":[{"embeddable":true,"href":"https:\/\/dublagembrasileira.com.br\/index.php?rest_route=\/wp\/v2\/media\/2202"}],"wp:attachment":[{"href":"https:\/\/dublagembrasileira.com.br\/index.php?rest_route=%2Fwp%2Fv2%2Fmedia&parent=26"}],"curies":[{"name":"wp","href":"https:\/\/api.w.org\/{rel}","templated":true}]}}